 (base 10) to base 5.
-3022143334
What is 54004 (base 12) in base 7?
640303
-475397 (base 11) to base 3
-1102022001002
-1110011101100010000000 (base 2) to base 15
-4ed3bb
-2150462 (base 7) to base 5
-31424400
Convert 17661 (base 9) to base 15.
393a
Convert -1d556 (base 14) to base 5.
-4401034
What is -11312002 (base 4) in base 13?
-ab85
What is -11534140 (base 7) in base 12?
-41a387
Convert -3c3ca2 (base 13) to base 4.
-11211300102
Convert -796821 (base 10) to base 6.
-25024553
Convert -114032201 (base 6) to base 11.
-1239833
Convert 17a9a4 (base 12) to base 6.
12502324
What is -101111011000100011001 (base 2) in base 11?
-9705a4
Convert 24000402 (base 5) to base 16.
356e4
Convert -378354 (base 12) to base 9.
-1630671
-335536 (base 7) to base 14
-17a1d
-5388515 (base 9) to base 11
-16a6693
What is 1111011110000000 (base 2) in base 6?
1205200
-478797 (base 14) to base 10
-2443665
13001131 (base 5) to base 8
364356
2101002211 (base 3) to base 12
23064
What is 13343143 (base 5) in base 9?
228303
534662 (base 7) to base 12
45958
Convert -36221023 (base 7) to base 16.
-310fc3
What is 32122 (base 6) in base 7?
15512
4668236 (base 11) to base 16
7c611d
Convert 2146263 (base 7) to base 9.
442013
-12315213 (base 6) to base 14
-a55c5
2051863 (base 9) to base 14
207b7b
Convert 1110000010011011101001 (base 2) to base 4.
32002123221
Convert -12000000022222 (base 3) to base 7.
-31405442
What is 26755318 (base 9) in base 16?
c97c9d
10011000011010000 (base 2) to base 14
2061a
What is c30954 (base 13) in base 16?
455145
What is -4003660 (base 8) in base 15?
-15b414
-36fabf (base 16) to base 15
-4b28e0
Convert 20522230 (base 6) to base 3.
1010120121100
What is d76a2 (base 16) in base 11?
552a06
What is 14330244 (base 5) in base 12?
73b25
-215110341 (base 7) to base 6
-1141443330
43030200 (base 5) to base 7
3033232
Convert -31c8c (base 13) to base 9.
-146436
What is -2231210103 (base 4) in base 8?
-2554423
10f16e (base 16) to base 14
20c930
Convert 4b975 (base 14) to base 6.
3551443
Convert -121011201200 (base 3) to base 16.
-4dba7
Convert -2512305 (base 6) to base 8.
-405621
What is 994b97 (base 13) in base 16?
371371
What is 511111322 (base 6) in base 2?
100001010100010110000010
What is 33a80 (base 16) in base 7?
1540602
125205 (base 8) to base 3
2012212210
Convert 19cc816 (base 13) to base 10.
8538913
What is -dd194 (base 14) in base 13?
-159911
Convert 11276234 (base 8) to base 10.
2456732
4122013 (base 5) to base 3
10102002102
Convert -2361534 (base 7) to base 11.
-195a49
What is 10110000111010001111 (base 2) in base 15?
e4a83
122021201012 (base 3) to base 2
1010011000100001000
What is 4162882 (base 9) in base 5?
1032220414
4297b (base 15) to base 16
339bf
-270254 (base 10) to base 14
-706bc
What is 252537 (base 8) in base 2?
10101010101011111
Convert -2a7b0d (base 14) to base 9.
-2706721
Convert -b346b6 (base 12) to base 7.
-32601321
What is -64cb42 (base 13) in base 12?
-963833
What is 196161 (base 11) in base 8?
1113702
What is -146558 (base 10) in base 6?
-3050302
Convert -22736223 (base 8) to base 9.
-10304542
-259a8a1 (base 12) to base 14
-db27b3
What is 111537 (base 8) in base 12?
199bb
4017c (base 15) to base 2
110001100001011010
What is 8417a6 (base 14) in base 16?
440fe6
What is 1826 (base 13) in base 6?
24325
1267503 (base 9) to base 6
22514520
-40235411 (base 6) to base 16
-1166bf
What is -3321 (base 6) in base 16?
-301
What is 21001200111110 (base 3) in base 14?
6d9b39
-344312 (base 6) to base 12
-15098
What is -5708804 (base 10) in base 16?
-571c04
What is -11013120 (base 4) in base 10?
-20952
-22020201121 (base 3) to base 10
-162367
Convert -36ca564 (base 13) to base 7.
-265060612
What is -5444624 (base 11) in base 8?
-44374671
Convert -1201010110120 (base 3) to base 10.
-907944
-20123300213 (base 4) to base 2
-1000011011110000100111
Convert -1b223 (base 15) to base 5.
-10310413
Convert 414334514 (base 6) to base 13.
165732a
-7729b (base 13) to base 10
-215772
-20101110121 (base 3) to base 4
-132230200
Convert -1022603 (base 10) to base 6.
-33530135
What is -112113552 (base 6) in base 10?
-2062796
624604 (base 12) to base 4
11320201210
-16645 (base 16) to base 6
-1544341
Convert 2120100022221 (base 3) to base 7.
14413246
What is -5543360 (base 8) in base 12?
-5bba14
21414443 (base 5) to base 6
3551211
What is -322021122 (base 4) in base 6?
-5034350
1a11a98 (base 12) to base 9
11310248
What is 35717 (base 11) in base 12?
2592b
What is 1111101101 (base 3) in base 11?
20134
What is -29369 (base 13) in base 16?
-12eb1
29a416 (base 16) to base 5
1144311412
-12bd27 (base 15) to base 9
-1622481
What is -12605 (base 13) in base 7?
-201023
Convert -616227 (base 8) to base 7.
-1506353
Convert -57b28 (base 12) to base 4.
-130222100
51351332 (base 8) to base 13
2336633
What is 1037736 (base 9) in base 11?
350397
Convert -233434 (base 6) to base 8.
-47436
Convert 10020010011121 (base 3) to base 12.
6a83a4
What is -27971 (base 16) in base 7?
-1243526
What is 19aac0 (base 16) in base 10?
1682112
What is -113110132221 (base 4) in base 11?
-34a5a29
What is -22a1 (base 15) in base 16?
-1cb7
What is -5788b1 (base 13) in base 11?
-1198366
What is 242233440 (base 5) in base 13?
308ca7
883b17 (base 12) to base 2
1000010000001010000011
-1457702 (base 9) to base 7
-6565121
Convert 20231522 (base 6) to base 16.
8d88a
-14d61 (base 15) to base 5
-4122031
What is -d9bb34 (base 14) in base 9?
-14772463
12aa7a (base 13) to base 10
452176
What is -5021322 (base 6) in base 12?
-b4842
What is -55c5 (base 13) in base 15?
-3846
What is -2013203 (base 10) in base 15?
-29b788
Convert 221011 (base 9) to base 8.
401567
What is 345792 (base 11) in base 15?
acb65
What is -3366942 (base 10) in base 8?
-14660036
What is -103044 (base 9) in base 14?
-1848c
What is 500054 (base 7) in base 15?
19d9e
What is 10100000101111000100101 (base 2) in base 3?
100220120221101
What is 3152047 (base 8) in base 2?
11001101010000100111
-1313544 (base 12) to base 7
-43644454
Convert 235242441 (base 6) to base 14.
83d0a5
649b04 (base 15) to base 10
4791604
-32352153 (base 6) to base 11
-5a8925
-2788518 (base 10) to base 15
-3a1363
Convert 2832626 (base 9) to base 13.
426876
9b7122 (base 15) to base 13
16c816a
-96ab3 (base 12) to base 4
-300132213
Convert 10005310 (base 6) to base 14.
7464a
What is 26889a (base 16) in base 8?
11504232
What is -6993110 (base 11) in base 14?
-189d5dd
What is -1047467 (base 11) in base 5?
-432334444
-a3344 (base 13) to base 3
-112212121010
What is 352600 (base 7) in base 15?
13bc1
What is 23212300 (base 4) in base 3?
2102012121
Convert 234446 (base 8) to base 6.
1415050
-100001111001011001 (base 2) to base 16
-21e59
What is -a429 (base 12) in base 8?
-42741
Convert 40102403 (base 5) to base 8.
1151112
What is -4216b (base 15) in base 4?
-303022220
What is -163291 (base 10) in base 13?
-5942b
215845 (base 11) to base 13
c09c6
-53000134 (base 6) to base 15
-206321
1002120100 (base 3) to base 7
116562
998348 (base 13) to base 15
4b69be
Convert -343501204 (base 6) to base 3.
-102220222201211
What is 13260442 (base 7) in base 12?
4b0914
-14036c3 (base 14) to base 2
-100100111101110100101011
Convert -273220 (base 9) to base 3.
-22110020200
Convert 101111000001011110 (base 2) to base 7.
1431351
-1077 (base 9) to base 7
-2221
What is -1001010100010100111 (base 2) in base 8?
-1124247
What is 3334d (base 15) in base 7?
1245325
What is 1450224043 (base 6) in base 16?
115efdb
Convert -40402 (base 11) to base 8.
-163252
-3662499 (base 11) to base 9
-12881768
-256a6 (base 14) to base 9
-150022
Convert 55962b0 (base 12) to base 8.
76347444
Convert -1002222101022 (base 3) to base 12.
-24555b
What is 417be (base 15) in base 7?
1523222
635059a (base 11) to base 7
164040344
Convert -28727 (base 15) to base 6.
-2441114
What is -aa52ac (base 15) in base 5?
-4034224422
Convert -1000011200010 (base 3) to base 5.
-114103341
-262497 (base 14) to base 5
-314000144
Convert 11233031322 (base 4) to base 9.
2742236
What is -43423131 (base 5) in base 11?
-235713
What is 110111000110110011110001 (base 2) in base 11?
8177394
Convert -1df6a (base 16) to base 14.
-32a26
Convert -1111030220 (base 4) to base 10.
-348968
What is 89b5 (base 12) in base 16?
3b99
Convert -627122 (base 10) to base 9.
-1155222
C